82651.
19, 1511, 7039
List the prime factors of 21238126.
2, 7, 13, 61, 1913
List the prime factors of 20255695.
5, 4051139
What are the prime factors of 83370837?
3, 11, 23, 109843
What are the prime factors of 30965837?
7, 4423691
What are the prime factors of 830037794?
2, 415018897
What are the prime factors of 20316179?
13, 487, 3209
What are the prime factors of 231114421?
61, 79, 199, 241
List the prime factors of 731613730.
2, 5, 73161373
List the prime factors of 855263432.
2, 61, 179, 9791
List the prime factors of 114520266.
2, 3, 7, 23, 43, 919
What are the prime factors of 135532490?
2, 5, 47, 457, 631
List the prime factors of 426778094.
2, 29, 139, 52937
What are the prime factors of 84465537?
3, 13, 17, 127399
List the prime factors of 68853950.
2, 5, 11, 23, 5443
List the prime factors of 6324384958.
2, 31, 102006209
List the prime factors of 434078930.
2, 5, 59, 67, 79, 139
What are the prime factors of 459705553?
541, 849733
What are the prime factors of 19085039?
19085039
What are the prime factors of 3342092911?
15199, 219889
List the prime factors of 215546942.
2, 13, 59, 227, 619
What are the prime factors of 351835905?
3, 5, 23455727
List the prime factors of 14505737.
31, 467927
List the prime factors of 64134721.
7, 1697, 5399
What are the prime factors of 5087106690?
2, 3, 5, 17, 37, 71, 3797
List the prime factors of 576859311.
3, 7, 149, 8779
What are the prime factors of 5728214143?
151, 1499, 25307
What are the prime factors of 13456840?
2, 5, 23, 14627
List the prime factors of 140742541.
17, 8278973
List the prime factors of 103489813.
7, 71, 151, 197
List the prime factors of 690257819.
7523, 91753
What are the prime factors of 691248063?
3, 11, 19, 397, 2777
List the prime factors of 3555571539.
3, 13, 17, 5362853
What are the prime factors of 226261684?
2, 11, 31, 5351
What are the prime factors of 282447?
3, 11, 317
List the prime factors of 12335789.
167, 73867
List the prime factors of 214880055.
3, 5, 13, 67, 16447
What are the prime factors of 2189440?
2, 5, 11, 311
List the prime factors of 29841925.
5, 23, 51899
What are the prime factors of 61433094?
2, 3, 10238849
List the prime factors of 68645575.
5, 17, 19, 8501
List the prime factors of 145844923.
7, 53, 89, 631
What are the prime factors of 7247709200?
2, 5, 107, 169339
What are the prime factors of 2586052585?
5, 53, 283, 34483
What are the prime factors of 1597041160?
2, 5, 11, 13, 279203
List the prime factors of 178653433.
7, 43, 83, 7151
List the prime factors of 149668551.
3, 1621, 10259
What are the prime factors of 254335169?
11, 61, 379039
What are the prime factors of 109292606?
2, 1123, 48661
List the prime factors of 18161844.
2, 3, 1513487
List the prime factors of 2110796756.
2, 23, 997541
What are the prime factors of 1102748681?
7649, 144169
List the prime factors of 1487976898.
2, 241, 3087089
List the prime factors of 2764637696.
2, 1039, 5197
What are the prime factors of 1600526722?
2, 800263361
What are the prime factors of 307395840?
2, 3, 5, 80051
What are the prime factors of 135482265?
3, 5, 17, 177101
What are the prime factors of 4170594223?
4170594223
List the prime factors of 1860508315.
5, 10333, 36011
List the prime factors of 2019141387.
3, 691, 324673
List the prime factors of 107844353.
1777, 60689
What are the prime factors of 21003850?
2, 5, 7, 8573
List the prime factors of 170362987.
19, 139, 251, 257
List the prime factors of 266513581.
23, 83, 139609
List the prime factors of 1932984872.
2, 7, 13, 2655199
List the prime factors of 644783600.
2, 5, 47, 34297
What are the prime factors of 1469096953?
41, 4729, 7577
List the prime factors of 6983740877.
32191, 216947
What are the prime factors of 29999852?
2, 83, 109, 829
What are the prime factors of 1445860885?
5, 7, 157, 37589
List the prime factors of 68726052.
2, 3, 97, 19681
What are the prime factors of 70417212?
2, 3, 5868101
List the prime factors of 151153742.
2, 29, 67, 97, 401
List the prime factors of 584517441.
3, 97, 1069, 1879
What are the prime factors of 324344029?
324344029
What are the prime factors of 87619272?
2, 3, 13, 73, 3847
List the prime factors of 389240280.
2, 3, 5, 11, 13, 7561
List the prime factors of 434007610.
2, 5, 89, 487649
What are the prime factors of 295231105?
5, 13, 23, 197479
List the prime factors of 880197493.
7, 125742499
List the prime factors of 3663847562.
2, 107, 131, 130693
List the prime factors of 2704761109.
3691, 732799
What are the prime factors of 31350776?
2, 179, 21893
List the prime factors of 74938795.
5, 14987759
List the prime factors of 2962675930.
2, 5, 71, 4172783
List the prime factors of 174906644.
2, 11, 3975151
List the prime factors of 111719709.
3, 743, 5569
What are the prime factors of 3123400965?
3, 5, 2857, 72883
What are the prime factors of 1161894725?
5, 31, 1499219
What are the prime factors of 7435940974?
2, 7, 11, 41, 547, 2153
List the prime factors of 87555397.
73, 1199389
What are the prime factors of 26729207?
37, 722411
What are the prime factors of 288845245?
5, 13, 643, 6911
List the prime factors of 3047013903.
3, 2467, 411703
List the prime factors of 3952601321.
3952601321
List the prime factors of 1547143396.
2, 386785849
What are the prime factors of 229536813?
3, 11, 6955661
What are the prime factors of 418002842?
2, 101, 773, 2677
What are the prime factors of 23908046?
2, 11954023
List the prime factors of 73113533.
2927, 24979
What are the prime factors of 538257284?
2, 29, 1181, 3929
List the prime factors of 32749288.
2, 11, 13, 28627
List the prime factors of 20386076.
2, 5096519
List the prime factors of 88514160.
2, 3, 5, 7, 19, 47, 59
What are the prime factors of 35736823?
107, 333989
What are the prime factors of 5643558722?
2, 3187, 885403
List the prime factors of 311362142.
2, 7, 13, 1710781
List the prime factors of 6990264952.
2, 11, 17, 274861
List the prime factors of 37029625.
5, 296237
List the prime factors of 114816335.
5, 19, 61, 19813
List the prime factors of 152651129.
152651129
List the prime factors of 3253441378.
2, 11, 71, 2082869
List the prime factors of 252614101.
17, 19, 782087
List the prime factors of 4790706748.
2, 103, 11627929
List the prime factors of 70967895.
3, 5, 1303, 3631
List the prime factors of 129667633.
129667633
List the prime factors of 149528323.
7, 433, 49333
List the prime factors of 843155569.
843155569
What are the prime factors of 51438179?
13, 3956783
List the prime factors of 1728212012.
2, 432053003
List the prime factors of 1381306491.
3, 17, 71, 127157
List the prime factors of 409516973.
61, 6713393
List the prime factors of 915420473.
11, 61, 1364263
What are the prime factors of 119857261?
29, 59, 70051
List the prime factors of 22215892.
2, 1187, 4679
What are the prime factors of 242585776?
2, 61, 199, 1249
What are the prime factors of 98697766?
2, 53, 257, 3623
What are the prime factors of 774861630?
2, 3, 5, 167, 211, 733
What are the prime factors of 124653342?
2, 3, 11, 97, 19471
List the prime factors of 43240506.
2, 3, 23, 431, 727
What are the prime factors of 129187011?
3, 43062337
What are the prime factors of 218353147?
73, 2991139
List the prime factors of 28888968.
2, 3, 19, 63353
List the prime factors of 302893125.
3, 5, 161543
List the prime factors of 87423599.
659, 132661
List the prime factors of 117372708.
2, 3, 181, 18013
What are the prime factors of 64965034?
2, 32482517
What are the prime factors of 20718736?
2, 101, 12821
List the prime factors of 4123002654.
2, 3, 97, 547, 1439
What are the prime factors of 62865881?
13, 17, 29, 577
List the prime factors of 33545345.
5, 6709069
List the prime factors of 387944327.
257, 1049, 1439
What are the prime factors of 26336765?
5, 7, 13, 8269
What are the prime factors of 26505185?
5, 7, 757291
List the prime factors of 92600635.
5, 241, 76847
List the prime factors of 7281356674.
2, 3640678337
What are the prime factors of 50685339?
3, 163, 103651
What are the prime factors of 2094792947?
13, 433, 563, 661
List the prime factors of 77013097.
7, 1429, 7699
What are the prime factors of 2161964105?
5, 7, 43, 479, 2999
List the prime factors of 1534846684.
2, 7, 54815953
What are the prime factors of 633744641?
633744641
Wh